m) = 4*m + 9. Determine d(0).
9
Let k(u) = u**3 + 2*u**2 - 12*u - 26. Determine k(-4).
-10
Let y(b) = -2*b**2 - 47*b + 717. What is y(-34)?
3
Let j(p) = 25*p + 60. What is j(-2)?
10
Let h(m) = -m**3 + 33*m**2 + m - 22. Give h(33).
11
Let o(c) = 7*c**2 + 9. Give o(-2).
37
Let r(b) = -b**2 - 7*b + 7. Calculate r(4).
-37
Let l(f) = -6*f**2 + 48*f + 10. Give l(8).
10
Let u(v) = v**3 + 21*v**2 + 3*v + 63. Give u(-21).
0
Let n(p) = -p**3 + p**2 - 2*p. Determine n(2).
-8
Let s(w) = 6*w + 12. Give s(4).
36
Let w(a) = 16*a. Determine w(1).
16
Let z(f) = -11*f + 15. What is z(0)?
15
Let s(x) = -x**2 - 12*x + 5. Give s(-15).
-40
Let x(v) = -6*v - 31. Determine x(-9).
23
Let i(k) = k**2 - 6. Calculate i(-4).
10
Let d(i) = -8*i - 4. Give d(-5).
36
Let q(z) = z**2 + 3*z - 20. What is q(4)?
8
Let r(y) = 13*y**2 - y + 1. What is r(1)?
13
Let r(a) = -a**3 + 14*a**2 + 35*a - 67. Give r(16).
-19
Let g(m) = -m**2 - 7*m - 10. Give g(-5).
0
Let n(k) = -14*k + 3. Give n(2).
-25
Let d(m) = -m**2 + 40. Determine d(0).
40
Let x(a) = -3*a + 12. Give x(-5).
27
Let m(t) = t**2 + t - 1. What is m(-4)?
11
Let h(j) = -2*j**3 - j**2 - 3*j + 7. Determine h(0).
7
Let y(t) = t**3 + 16*t**2 - t - 4. Calculate y(-16).
12
Let u(h) = h**3 - 34*h**2 + 29*h + 100. What is u(33)?
-32
Let m(y) = y**2 - 27*y - 7. Give m(23).
-99
Let r(z) = -z**3 - 21*z**2 - 4*z + 21. Determine r(-21).
105
Let k(m) = m**3 - 7*m**2 - 2*m + 9. What is k(6)?
-39
Let u(s) = -3*s - 14. What is u(-9)?
13
Let u(b) = b**3 + 2. Give u(2).
10
Let k(t) = -2*t + 30. What is k(-6)?
42
Let g(l) = 2*l - 6. Calculate g(2).
-2
Let t(n) = -19*n**3 - 4*n**2 - 2*n + 1. What is t(-2)?
141
Let b(z) = -18*z + 5. What is b(4)?
-67
Let q(i) = -i**3 + 7*i**2 - 6*i - 20. What is q(5)?
0
Let l(b) = 15*b + 65. What is l(-5)?
-10
Let a(q) = -18*q + 73. What is a(3)?
19
Let p(n) = 2*n**2 - 28*n + 97. Give p(6).
1
Let k(i) = i**2 - 6*i - 29. Give k(9).
-2
Let h(n) = 5*n - 7. What is h(8)?
33
Let x(s) = 40*s**2. Calculate x(-1).
40
Let r(j) = -31*j + 177. Determine r(7).
-40
Let q(f) = 2*f**3 - 2*f**2 - f - 2. Give q(-2).
-24
Let x(p) = -35*p - 2. What is x(-1)?
33
Let z(g) = 15*g + 243. Calculate z(-15).
18
Let z(k) = 2*k - 95. Determine z(12).
-71
Let h(n) = -n**3 + 5*n**2 - 12*n + 27. What is h(3)?
9
Let c(y) = 10*y - 13. Give c(4).
27
Let n(w) = -w**3 - w**2 + 4. Calculate n(0).
4
Let a(y) = 36*y**3. What is a(-1)?
-36
Let a(n) = n**2 + 7*n - 33. Determine a(-14).
65
Let z(a) = 2*a - 22. What is z(12)?
2
Let p(o) = -o**3 + 10*o**2 + 77*o - 27. Give p(15).
3
Let a(g) = -3*g - 153. Calculate a(-43).
-24
Let p(t) = -2*t - 3. Determine p(-3).
3
Let l(i) = -2*i + 38. Determine l(18).
2
Let s(o) = 3*o**2 + 16*o - 2. What is s(-6)?
10
Let o(g) = 4*g**3 - 3*g**2 - g + 1. Calculate o(-1).
-5
Let x(o) = 6*o + 40. Determine x(-9).
-14
Let c(g) = -g**2 + 10*g - 24. Determine c(6).
0
Let r(x) = -x**2. Determine r(-7).
-49
Let u(c) = -c + 1. Determine u(-7).
8
Let l(t) = t**2 - 4*t + 2. Calculate l(3).
-1
Let z(j) = j - 3. Determine z(-6).
-9
Let y(u) = 13*u. Determine y(1).
13
Let k(h) = h**3 - 8*h**2 - 6*h - 15. What is k(9)?
12
Let m(u) = -u**3 - 8*u**2 + 9*u. Determine m(-9).
0
Let g(t) = 3*t**3 - 80*t**2 - 27*t - 22. What is g(27)?
-22
Let k(i) = i**2 + 10*i. What is k(-8)?
-16
Let g(x) = x**3 - 6*x**2 - 2*x + 13. Determine g(6).
1
Let c(i) = -8*i - 114. Determine c(-13).
-10
Let k(d) = -d**2 + 2*d - 8. Determine k(3).
-11
Let v(n) = n**2 - 9*n + 21. Give v(4).
1
Let j(u) = -u**3 - 34*u**2 - 31*u + 74. Give j(-33).
8
Let t(m) = -m + 6. What is t(13)?
-7
Let u(q) = 21*q + 58. What is u(-3)?
-5
Let h(t) = 3*t + 7. Determine h(0).
7
Let f(v) = v**2 + v - 39. Determine f(6).
3
Let t(h) = -h**3 - 16*h**2 - 15*h + 12. What is t(-15)?
12
Let q(c) = -c + 6. What is q(11)?
-5
Let r(y) = y**3 - y**2 + 8. What is r(0)?
8
Let y(w) = -4*w + 20. Give y(-2).
28
Let i(c) = -c**3 - c**2 + 5*c + 3. What is i(-4)?
31
Let l(b) = 55*b**3 - b. Calculate l(-1).
-54
Let l(q) = q**2 - 49*q + 593. Determine l(27).
-1
Let l(n) = -n**3 + 7*n**2 + 22*n - 27. Determine l(9).
9
Let k(w) = w**3 - 11*w**2 - 2*w + 8. Determine k(11).
-14
Let p(m) = -5*m - 18. What is p(-4)?
2
Let k(q) = -q**3 + 5*q**2 - 3*q - 9. Calculate k(5).
-24
Let j(f) = f**2 + 16*f - 5. Give j(-6).
-65
Let a(d) = d + 24. Give a(24).
48
Let j(s) = s**3 - 6*s**2 + 5*s + 4. What is j(5)?
4
Let m(u) = -u**3 - 8*u**2 - 3*u - 8. Calculate m(-8).
16
Let i(a) = -30*a + 256. What is i(9)?
-14
Let v(w) = 3*w + 13. What is v(14)?
55
Let b(y) = -y**2 - y + 3. What is b(-3)?
-3
Let p(n) = 2*n**2 - 9*n - 4. Give p(4).
-8
Let p(b) = -b**2 + 12*b + 18. Give p(14).
-10
Let x(i) = i**2 - 43*i + 22. Determine x(42).
-20
Let q(d) = d**2 + 14*d + 49. What is q(-5)?
4
Let t(y) = y - 16. Give t(9).
-7
Let d(l) = -l**2 - 19*l - 85. Give d(-6).
-7
Let j(n) = n**2 + 2*n - 5. Determine j(-6).
19
Let x(h) = 5*h + 3. Calculate x(15).
78
Let s(q) = -4*q**2 + 6*q + 23. What is s(-4)?
-65
Let y(m) = 3*m + 25. What is y(-17)?
-26
Let p(i) = 15*i - 4. Give p(1).
11
Let g(x) = -x**3 - 3*x**2 - 2*x + 2. What is g(-3)?
8
Let y(f) = f**2 + 6*f + 4. Give y(-5).
-1
Let g(d) = -32*d + 21. Give g(5).
-139
Let v(c) = -c + 2. Calculate v(-6).
8
Let o(q) = -2*q**3 - 24*q**2 - q - 7. Calculate o(-12).
5
Let f(r) = -18*r - 223. Calculate f(-12).
-7
Let d(a) = a + 53. Give d(-24).
29
Let b(p) = p**3 + 9*p**2 + 10*p - 18. Determine b(-7).
10
Let s(u) = -u**2 - 2*u - 7. Give s(0).
-7
Let h(y) = y**2 - 10*y + 20. Determine h(5).
-5
Let q(c) = -c + 14. Determine q(6).
8
Let m(a) = -2*a + 13. What is m(-9)?
31
Let l(m) = -2*m**3 - 12*m**2 + 19*m + 13. Determine l(-7).
-22
Let w(q) = -88*q - 881. Calculate w(-10).
-1
Let x(i) = i**3 - 12*i**2 - 15*i + 19. Give x(13).
-7
Let d(r) = -r**3 + 6*r**2 + 8*r - 13. What is d(7)?
-6
Let h(p) = p**3 - 6*p**2 - 73*p + 21. What is h(12)?
9
Let v(h) = h**3 + h**2 - 4*h - 2. Determine v(-2).
2
Let b(s) = -s**3 + 10*s**2 + 12*s - 15. What is b(11)?
-4
Let r(o) = 41*o**2 + 25*o - 26. What is r(1)?
40
Let a(f) = -2*f**3 - 10*f**2 - 3*f + 7. Determine a(-5).
22
Let h(t) = -t**3 - 73*t**2 + 231*t - 2. What is h(3)?
7
Let y(r) = r**3 + 2*r**2 - r + 6. Determine y(-4).
-22
Let p(b) = 2*b**2 - 6*b + 9. Give p(3).
9
Let i(v) = -v**2 - 4*v + 3. Calculate i(5).
-42
Let x(q) = 3*q + 7. Calculate x(5).
22
Let c(l) = l**3 - 24*l**2 - 7. What is c(24)?
-7
Let n(d) = d**2 - 3*d. Give n(0).
0
Let k(b) = b + 7. Determine k(-5).
2
Let u(m) = -13*m + 46. Give u(5).
-19
Let f(d) = -46*d**3 - d**2 + d + 2. What is f(-1)?
46
Let m(k) = -3*k**2 + 17*k - 5. Determine m(5).
5
Let b(k) = -66*k - 395. What is b(-6)?
1
Let u(v) = -v**2 - 3*v + 15. Determine u(-5).
5
Let h(o) = o**3 - 12*o**2 - 6. Give h(12).
-6
Let f(d) = d**3 + 5*d**2 - 15*d + 1. Give f(-7).
8
Let h(w) = w**3 - 25*w**2 - 25*w - 27. Determine h(26).
-1
Let k(g) = -g**3 - 17*g**2 + 4*g + 20. Calculate k(-17).
-48
Let l(n) = n**3 + 10*n**2 - 10*n + 16. What is l(-11)?
5
Let z(c) = -2*c**2 - 4*c. Calculate z(-2).
0
Let t(p) = p**3 + 5*p**2 - 3*p + 13. What is t(-5)?
28
Let b(f) = -4*f - 6. Determine b(10).
-46
Let s(n) = -8*n + 43. Give s(4).
11
Let y(k) = 2*k - 11. Determine y(5).
-1
Let l(g) = -g**3 + g**2 + 2*g + 17. Determine l(4).
-23
Let h(d) = 22*d**2 + 4*d. Determine h(2).
96
Let h(d) = 2*d**2 + 3*d - 2. What is h(-3)?
7
Let d(l) = l**3 + 5*l**2 + l + 8. Determine d(-5).
3
Let l(k) = -3*k**2 - 34*k + 19. Give l(-12).
-5
Let d(p) = -p**3 - 15*p**2 - p + 10. Give d(-15).
25
Let g(n) = n**3 + 4*n**2 - 2*n. Calculate g(-5).
-15
Let r(v) = 3*v + 15. Determine r(-7).
-6
Let w(i) = i**3 - 6*i**2 + 3*i - 1. Give w(6).
17
Let w(k) = -12*k - 1. Calculate w(3).
-37
Let n(p) = p**3 + 2*p**2 + 2*p + 1. Give n(-2).
-3
Let d(l) = -l**2 + 8*l - 16. Give d(11).
-49
Let h(z) = z**2 - 3*z - 48. Give h(8).
-8
Let q(b) = -b**2 - 14*b + 21. Give q(-16).
-11
Let t(o) = 3*o - 104. What is t(33)?
-5
Let q(u) = u**2 - 2*u - 5. Give q(-4).
19
Let p(c) = -c**2 + 50*c + 153. What is p(-3)?
-6
Let n(w) = -w**3 + 11*w**2 - 11*w + 18. Calculate n(10).
8
Let o(f) = -14*f - 38. What is o(-3)?
4
Let v(x) = 3*x**2 + 3*x + 1. Calculate v(-3).
19
Let z(w) = -22*w + 19. Determine z(1).
-3
Let y(h) = -230*h**3 + 2*h**2 - 4*h + 3. Calculate y(1).
-229
Let h(q) = 17*q - 85. Give h(5).
0
Let w(i) = 4*i**3 - 11*i**